 is the hundred thousands digit of 172024931?
0
What is the tens digit of 10670410?
1
What is the ten thousands digit of 71313582?
1
What is the billions digit of 5403274836?
5
What is the tens digit of 452320599?
9
What is the millions digit of 16673418?
6
What is the units digit of 206789415?
5
What is the hundreds digit of 388097844?
8
What is the ten millions digit of 107049243?
0
What is the hundred millions digit of 939227956?
9
What is the ten thousands digit of 1431438708?
3
What is the ten thousands digit of 86742253?
4
What is the hundreds digit of 1744139774?
7
What is the ten millions digit of 280858376?
8
What is the millions digit of 189237011?
9
What is the millions digit of 1439375315?
9
What is the ten thousands digit of 2323750707?
5
What is the ten millions digit of 55988967?
5
What is the tens digit of 11610619?
1
What is the ten thousands digit of 39519701?
1
What is the ten millions digit of 74851023?
7
What is the hundreds digit of 156319947?
9
What is the units digit of 59442722?
2
What is the units digit of 2023224949?
9
What is the ten millions digit of 10831289?
1
What is the hundred thousands digit of 26893091?
8
What is the tens digit of 3761467?
6
What is the millions digit of 1997272?
1
What is the hundred thousands digit of 21506329?
5
What is the units digit of 21035608?
8
What is the units digit of 156047699?
9
What is the millions digit of 29061862?
9
What is the hundred millions digit of 500818212?
5
What is the ten thousands digit of 47236281?
3
What is the units digit of 616472899?
9
What is the ten millions digit of 166716528?
6
What is the units digit of 272492031?
1
What is the units digit of 280431658?
8
What is the units digit of 276464013?
3
What is the hundred millions digit of 221063302?
2
What is the hundreds digit of 668776821?
8
What is the tens digit of 43625683?
8
What is the units digit of 207531384?
4
What is the hundreds digit of 202011837?
8
What is the hundred millions digit of 123628677?
1
What is the hundred thousands digit of 87801211?
8
What is the thousands digit of 504653653?
3
What is the hundred thousands digit of 373133541?
1
What is the thousands digit of 702366791?
6
What is the ten thousands digit of 1759839055?
3
What is the ten thousands digit of 3426197870?
9
What is the millions digit of 2173036570?
3
What is the hundred thousands digit of 625101348?
1
What is the tens digit of 764451318?
1
What is the units digit of 93362438?
8
What is the hundreds digit of 27470920?
9
What is the hundred thousands digit of 6280469?
2
What is the hundreds digit of 4500567653?
6
What is the millions digit of 556451806?
6
What is the ten thousands digit of 544160879?
6
What is the ten millions digit of 956635461?
5
What is the millions digit of 4844273880?
4
What is the hundred thousands digit of 97889771?
8
What is the ten millions digit of 7279615378?
7
What is the units digit of 67437915?
5
What is the units digit of 1257347929?
9
What is the ten millions digit of 1091358988?
9
What is the ten millions digit of 6065255542?
6
What is the millions digit of 848962915?
8
What is the ten thousands digit of 67139993?
3
What is the ten thousands digit of 1228046428?
4
What is the billions digit of 1289689010?
1
What is the tens digit of 27789052?
5
What is the thousands digit of 59119233?
9
What is the hundreds digit of 177606039?
0
What is the hundred millions digit of 166624147?
1
What is the hundreds digit of 178938096?
0
What is the millions digit of 704028083?
4
What is the ten thousands digit of 55909658?
0
What is the tens digit of 244530756?
5
What is the hundreds digit of 199812938?
9
What is the ten millions digit of 677811559?
7
What is the millions digit of 151305622?
1
What is the billions digit of 1086727517?
1
What is the tens digit of 322452677?
7
What is the hundred millions digit of 840213834?
8
What is the thousands digit of 5648859852?
9
What is the hundred millions digit of 979457248?
9
What is the hundreds digit of 54260409?
4
What is the tens digit of 38963625?
2
What is the billions digit of 1241623144?
1
What is the ten millions digit of 2234323685?
3
What is the ten millions digit of 672424630?
7
What is the hundred thousands digit of 865209033?
2
What is the thousands digit of 1582615283?
5
What is the ten thousands digit of 4591561921?
6
What is the ten millions digit of 3957117288?
5
What is the ten thousands digit of 1636217447?
1
What is the millions digit of 403588541?
3
What is the ten thousands digit of 189443325?
4
What is the thousands digit of 42387704?
7
What is the millions digit of 51773582?
1
What is the ten thousands digit of 16224594?
2
What is the millions digit of 6562977?
6
What is the units digit of 286478579?
9
What is the hundred thousands digit of 53396847?
3
What is the ten thousands digit of 421520297?
2
What is the millions digit of 47073973?
7
What is the hundred millions digit of 1487131386?
4
What is the tens digit of 70127438?
3
What is the thousands digit of 558123460?
3
What is the ten thousands digit of 2048228484?
2
What is the ten millions digit of 39539110?
3
What is the millions digit of 22705750?
2
What is the ten thousands digit of 1641639471?
3
What is the hundred thousands digit of 260569921?
5
What is the tens digit of 1019604500?
0
What is the ten millions digit of 218376802?
1
What is the ten thousands digit of 1827546574?
4
What is the units digit of 319472454?
4
What is the hundred thousands digit of 181515420?
5
What is the millions digit of 87764940?
7
What is the ten millions digit of 790034658?
9
What is the units digit of 159582332?
2
What is the tens digit of 33203906?
0
What is the thousands digit of 63384751?
4
What is the ten millions digit of 544323774?
4
What is the ten thousands digit of 55613496?
1
What is the ten millions digit of 125313915?
2
What is the hundreds digit of 8911809995?
9
What is the ten millions digit of 1293879929?
9
What is the units digit of 4824220648?
8
What is the millions digit of 98139276?
8
What is the tens digit of 182153312?
1
What is the units digit of 87615089?
9
What is the units digit of 162660802?
2
What is the units digit of 22456922?
2
What is the ten thousands digit of 651890049?
9
What is the ten thousands digit of 858036986?
3
What is the thousands digit of 13116873?
6
What is the hundreds digit of 706057039?
0
What is the hundred millions digit of 1944697979?
9
What is the ten thousands digit of 859285197?
8
What is the tens digit of 1752198737?
3
What is the hundreds digit of 147725398?
3
What is the billions digit of 3120760957?
3
What is the ten thousands digit of 718127763?
2
What is the millions digit of 52563705?
2
What is the hundreds digit of 128055212?
2
What is the hundred thousands digit of 79386163?
3
What is the ten thousands digit of 69033522?
3
What is the millions digit of 255163595?
5
What is the units digit of 27576821?
1
What is the hundreds digit of 475370006?
0
What is the tens digit of 353326687?
8
What is the ten thousands digit of 682313860?
1
What is the units digit of 575900119?
9
What is the ten millions digit of 365402006?
6
What is the hundreds digit of 3024660052?
0
What is the units digit of 73662058?
8
What is the hundred millions digit of 1569762778?
5
What is the hundreds digit of 186344048?
0
What is the millions digit of 59197302?
9
What is the tens digit of 64524402?
0
What is the millions digit of 1324668612?
4
What is the tens digit of 54176291?
9
What is the hundred thousands digit of 393269933?
2
What is the thousands digit of 122595871?
5
What is the thousands digit of 67896463?
6
What is the millions digit of 359423681?
9
What is the millions digit of 1903480247?
3
What is the millions digit of 35636565?
5
What is the ten thousands digit of 4779691256?
9
What is the hundred thousands digit of 63846732?
8
What is the hundreds digit of 31398068?
0
What is the hundred millions digit of 185959985?
1
What is the ten millions digit of 400915968?
0
What is the hundreds digit of 16031022?
0
What is the ten thousands digit of 59200003?
0
What is the ten thousands digit of 61249515?
4
What is the units digit of 3042045389?
9
What is the units digit of 6788160719?
9
What is the hundreds digit of 100002967?
9
What is the ten millions di